{"id":283340,"date":"2025-12-18T14:36:45","date_gmt":"2025-12-18T13:36:45","guid":{"rendered":"https:\/\/photomuseum.gdstest.de\/?page_id=283340"},"modified":"2026-04-01T14:58:40","modified_gmt":"2026-04-01T12:58:40","slug":"kontakt-und-impressum","status":"publish","type":"page","link":"https:\/\/www.photomuseum.de\/index.php\/kontakt-und-impressum\/","title":{"rendered":"Kontakt und Impressum"},"content":{"rendered":"<p>[et_pb_section fb_built=&#8220;1&#8243; _builder_version=&#8220;4.25.0&#8243; _module_preset=&#8220;default&#8220; global_colors_info=&#8220;{}&#8220;][et_pb_row _builder_version=&#8220;4.27.5&#8243; _module_preset=&#8220;default&#8220; custom_margin=&#8220;||40px||false|false&#8220; custom_padding=&#8220;||||false|false&#8220; global_colors_info=&#8220;{}&#8220;][et_pb_column type=&#8220;4_4&#8243; _builder_version=&#8220;4.25.0&#8243; _module_preset=&#8220;default&#8220; global_colors_info=&#8220;{}&#8220;][et_pb_text admin_label=&#8220;Kontakt und Impressum&#8220; _builder_version=&#8220;4.27.5&#8243; _module_preset=&#8220;default&#8220; header_font=&#8220;NHaasGrotest|600|||||||&#8220; header_font_size=&#8220;32px&#8220; header_line_height=&#8220;1.4em&#8220; custom_margin=&#8220;||0px||false|false&#8220; custom_padding=&#8220;||0px||false|false&#8220; global_colors_info=&#8220;{}&#8220;]<\/p>\n<h1>Kontakt und Impressum<\/h1>\n<p>[\/et_pb_text][et_pb_divider _builder_version=&#8220;4.25.0&#8243; _module_preset=&#8220;default&#8220; global_colors_info=&#8220;{}&#8220;][\/et_pb_divider][et_pb_text _builder_version=&#8220;4.27.6&#8243; _module_preset=&#8220;default&#8220; text_text_color=&#8220;#000000&#8243; custom_margin=&#8220;||30px||false|false&#8220; hover_enabled=&#8220;0&#8243; global_colors_info=&#8220;{}&#8220; sticky_enabled=&#8220;0&#8243;]<\/p>\n<p><strong>Museum f\u00fcr Photographie Braunschweig e.V.<\/strong><br \/>Helmstedter Stra\u00dfe 1<br \/>D \u2013 38102 Braunschweig<\/p>\n<p><a href=\"https:\/\/www.google.de\/maps\/place\/Museum+f%C3%BCr+Photographie\/@52.264822,10.535717,15z\/data=!4m6!3m5!1s0x47aff5da5eddbcad:0xff11aa40d0d0a024!8m2!3d52.262975!4d10.535375!16s%2Fg%2F121m84br?hl=de&amp;entry=ttu&amp;g_ep=EgoyMDI1MTIwOS4wIKXMDSoKLDEwMDc5MjA2OUgBUAM%3D\" target=\"_blank\" rel=\"noopener\">Lageplan<\/a> (Google Maps)<\/p>\n<p><strong>Telefon<\/strong> 0531 \/ 7 50 00<br \/><strong>Fax<\/strong> 0531 \/ 7 50 36<br \/><strong>E-Mail<\/strong> info [at] photomuseum.de<\/p>\n<p><strong>\u00d6ffnungszeiten<\/strong><br \/>Di \u2013 Fr 13 \u2013 18 Uhr, Sa + So 11 \u2013 18 Uhr<br \/>jeden ersten Do im Monat: 13-20 Uhr (Eintritt kostenfrei)<\/p>\n<p><strong>Team<\/strong><br \/>Barbara Hofmann-Johnson, Leitung<br \/>Linda Sandrock, Projekte und \u00d6ffentlichkeitsarbeit<br \/>Pauline Behrmann, Vermittlung und Sammlungspflege<br \/>Miran \u00d6zpapazyan, Ausstellungstechnik<\/p>\n<p><strong>Vorstand<\/strong><br \/>Prof. Dr. Tatjana Schneider, 1. Vorsitzende<br \/>Axel Erwin Gr\u00fcner, 2. Vorsitzender<br \/>Michael Ewen, Schriftf\u00fchrer<br \/>Dr. Bernd Farny, Schatzmeister<\/p>\n<p>Vereinsregisternummer: 3218<br \/>Registergericht: Amtsgericht Braunschweig<\/p>\n<p><strong>Design und Programmierung<\/strong><br \/>Holger Reichard, www.wortmax.com<br \/>Die Website wurde umgesetzt mit WordPress.<\/p>\n<p><strong>Redaktion<br \/><\/strong>Museumsteam<\/p>\n<p><strong>Rechtliche Hinweise<\/strong><br \/>Inhalte des Museums f\u00fcr Photographie Braunschweig sowie Verweise auf Inhalte Dritter sind urheberrechtlich gesch\u00fctzt. Jegliche Vervielf\u00e4ltigung von Informationen oder Daten, insbesondere die Verwendung von Texten, Textteilen, Bildmaterial oder sonstigen Inhalten bedarf der vorherigen Zustimmung durch das Museums f\u00fcr Photographie Braunschweig bzw. die Rechteinhaber (Dritter).<\/p>\n<p>F\u00fcr Internetseiten Dritter, auf die das Museum f\u00fcr Photographie Braunschweig durch Links verweist, tragen die jeweiligen Anbieter die Verantwortung. Das Museum f\u00fcr Photographie Braunschweig ist f\u00fcr den Inhalt verlinkter Seiten nicht verantwortlich.<\/p>\n<p>Unsere Datenschutzerkl\u00e4rung finden Sie <a href=\"https:\/\/www.photomuseum.de\/index.php\/datenschutzerklaerung\/\"><strong>hier<\/strong><\/a>.<\/p>\n<p>[\/et_pb_text][\/et_pb_column][\/et_pb_row][\/et_pb_section]<\/p>\n","protected":false},"excerpt":{"rendered":"<p>Kontakt und ImpressumMuseum f\u00fcr Photographie Braunschweig e.V.Helmstedter Stra\u00dfe 1D \u2013 38102 Braunschweig Lageplan (Google Maps) Telefon 0531 \/ 7 50 00Fax 0531 \/ 7 50 36E-Mail info [at] photomuseum.de \u00d6ffnungszeitenDi \u2013 Fr 13 \u2013 18 Uhr, Sa + So 11 \u2013 18 Uhrjeden ersten Do im Monat: 13-20 Uhr (Eintritt kostenfrei) TeamBarbara Hofmann-Johnson, LeitungLinda Sandrock, [&hellip;]<\/p>\n","protected":false},"author":2,"featured_media":0,"parent":0,"menu_order":9,"comment_status":"closed","ping_status":"closed","template":"","meta":{"_et_pb_use_builder":"on","_et_pb_old_content":"","_et_gb_content_width":"","footnotes":""},"class_list":["post-283340","page","type-page","status-publish","hentry"],"yoast_head":"<!-- This site is optimized with the Yoast SEO plugin v27.3 - https:\/\/yoast.com\/product\/yoast-seo-wordpress\/ -->\n<title>Museum f\u00fcr Photographie Braunschweig - Kontakt und Impressum<\/title>\n<meta name=\"description\" content=\"Kontakt und Impressum des Museums f\u00fcr Photographie Braunschweig , Helmstedter Stra\u00dfe 1, 38102 Braunschweig. Telefon 0531 \/ 7 50 00.\" \/>\n<meta name=\"robots\" content=\"index, follow, max-snippet:-1, max-image-preview:large, max-video-preview:-1\" \/>\n<link rel=\"canonical\" href=\"https:\/\/www.photomuseum.de\/index.php\/kontakt-und-impressum\/\" \/>\n<meta property=\"og:locale\" content=\"de_DE\" \/>\n<meta property=\"og:type\" content=\"article\" \/>\n<meta property=\"og:title\" content=\"Museum f\u00fcr Photographie Braunschweig - Kontakt\" \/>\n<meta property=\"og:description\" content=\"Kontakt und Impressum des Museums f\u00fcr Photographie Braunschweig , Helmstedter Stra\u00dfe 1, 38102 Braunschweig. Telefon 0531 \/ 7 50 00.\" \/>\n<meta property=\"og:url\" content=\"https:\/\/www.photomuseum.de\/index.php\/kontakt-und-impressum\/\" \/>\n<meta property=\"og:site_name\" content=\"Museum f\u00fcr Photographie Braunschweig\" \/>\n<meta property=\"article:publisher\" content=\"https:\/\/www.facebook.com\/museumfuerphotographie.bs\" \/>\n<meta property=\"article:modified_time\" content=\"2026-04-01T12:58:40+00:00\" \/>\n<meta property=\"og:image\" content=\"https:\/\/www.photomuseum.de\/wp-content\/uploads\/2026\/02\/Photomuseum-SoMe.jpg\" \/>\n\t<meta property=\"og:image:width\" content=\"1080\" \/>\n\t<meta property=\"og:image:height\" content=\"560\" \/>\n\t<meta property=\"og:image:type\" content=\"image\/jpeg\" \/>\n<meta name=\"twitter:card\" content=\"summary_large_image\" \/>\n<meta name=\"twitter:title\" content=\"Museum f\u00fcr Photographie Braunschweig - Kontakt\" \/>\n<meta name=\"twitter:image\" content=\"https:\/\/www.photomuseum.de\/wp-content\/uploads\/2026\/02\/Photomuseum-SoMe.jpg\" \/>\n<meta name=\"twitter:label1\" content=\"Gesch\u00e4tzte Lesezeit\" \/>\n\t<meta name=\"twitter:data1\" content=\"2\u00a0Minuten\" \/>\n<script type=\"application\/ld+json\" class=\"yoast-schema-graph\">{\"@context\":\"https:\\\/\\\/schema.org\",\"@graph\":[{\"@type\":\"WebPage\",\"@id\":\"https:\\\/\\\/www.photomuseum.de\\\/index.php\\\/kontakt-und-impressum\\\/\",\"url\":\"https:\\\/\\\/www.photomuseum.de\\\/index.php\\\/kontakt-und-impressum\\\/\",\"name\":\"Museum f\u00fcr Photographie Braunschweig - Kontakt und Impressum\",\"isPartOf\":{\"@id\":\"https:\\\/\\\/www.photomuseum.de\\\/#website\"},\"datePublished\":\"2025-12-18T13:36:45+00:00\",\"dateModified\":\"2026-04-01T12:58:40+00:00\",\"description\":\"Kontakt und Impressum des Museums f\u00fcr Photographie Braunschweig , Helmstedter Stra\u00dfe 1, 38102 Braunschweig. Telefon 0531 \\\/ 7 50 00.\",\"breadcrumb\":{\"@id\":\"https:\\\/\\\/www.photomuseum.de\\\/index.php\\\/kontakt-und-impressum\\\/#breadcrumb\"},\"inLanguage\":\"de\",\"potentialAction\":[{\"@type\":\"ReadAction\",\"target\":[\"https:\\\/\\\/www.photomuseum.de\\\/index.php\\\/kontakt-und-impressum\\\/\"]}]},{\"@type\":\"BreadcrumbList\",\"@id\":\"https:\\\/\\\/www.photomuseum.de\\\/index.php\\\/kontakt-und-impressum\\\/#breadcrumb\",\"itemListElement\":[{\"@type\":\"ListItem\",\"position\":1,\"name\":\"Start\",\"item\":\"https:\\\/\\\/www.photomuseum.de\\\/\"},{\"@type\":\"ListItem\",\"position\":2,\"name\":\"Kontakt und Impressum\"}]},{\"@type\":\"WebSite\",\"@id\":\"https:\\\/\\\/www.photomuseum.de\\\/#website\",\"url\":\"https:\\\/\\\/www.photomuseum.de\\\/\",\"name\":\"Museum f\u00fcr Photographie Braunschweig\",\"description\":\"\",\"publisher\":{\"@id\":\"https:\\\/\\\/www.photomuseum.de\\\/#organization\"},\"potentialAction\":[{\"@type\":\"SearchAction\",\"target\":{\"@type\":\"EntryPoint\",\"urlTemplate\":\"https:\\\/\\\/www.photomuseum.de\\\/?s={search_term_string}\"},\"query-input\":{\"@type\":\"PropertyValueSpecification\",\"valueRequired\":true,\"valueName\":\"search_term_string\"}}],\"inLanguage\":\"de\"},{\"@type\":\"Organization\",\"@id\":\"https:\\\/\\\/www.photomuseum.de\\\/#organization\",\"name\":\"Museum f\u00fcr Photographie Braunschweig\",\"url\":\"https:\\\/\\\/www.photomuseum.de\\\/\",\"logo\":{\"@type\":\"ImageObject\",\"inLanguage\":\"de\",\"@id\":\"https:\\\/\\\/www.photomuseum.de\\\/#\\\/schema\\\/logo\\\/image\\\/\",\"url\":\"https:\\\/\\\/www.photomuseum.de\\\/wp-content\\\/uploads\\\/2026\\\/02\\\/Photomuseum-Logo.png\",\"contentUrl\":\"https:\\\/\\\/www.photomuseum.de\\\/wp-content\\\/uploads\\\/2026\\\/02\\\/Photomuseum-Logo.png\",\"width\":2099,\"height\":349,\"caption\":\"Museum f\u00fcr Photographie Braunschweig\"},\"image\":{\"@id\":\"https:\\\/\\\/www.photomuseum.de\\\/#\\\/schema\\\/logo\\\/image\\\/\"},\"sameAs\":[\"https:\\\/\\\/www.facebook.com\\\/museumfuerphotographie.bs\",\"https:\\\/\\\/www.instagram.com\\\/museumfuerphotographie_bs\\\/\"]}]}<\/script>\n<!-- \/ Yoast SEO plugin. -->","yoast_head_json":{"title":"Museum f\u00fcr Photographie Braunschweig - Kontakt und Impressum","description":"Kontakt und Impressum des Museums f\u00fcr Photographie Braunschweig , Helmstedter Stra\u00dfe 1, 38102 Braunschweig. Telefon 0531 \/ 7 50 00.","robots":{"index":"index","follow":"follow","max-snippet":"max-snippet:-1","max-image-preview":"max-image-preview:large","max-video-preview":"max-video-preview:-1"},"canonical":"https:\/\/www.photomuseum.de\/index.php\/kontakt-und-impressum\/","og_locale":"de_DE","og_type":"article","og_title":"Museum f\u00fcr Photographie Braunschweig - Kontakt","og_description":"Kontakt und Impressum des Museums f\u00fcr Photographie Braunschweig , Helmstedter Stra\u00dfe 1, 38102 Braunschweig. Telefon 0531 \/ 7 50 00.","og_url":"https:\/\/www.photomuseum.de\/index.php\/kontakt-und-impressum\/","og_site_name":"Museum f\u00fcr Photographie Braunschweig","article_publisher":"https:\/\/www.facebook.com\/museumfuerphotographie.bs","article_modified_time":"2026-04-01T12:58:40+00:00","og_image":[{"width":1080,"height":560,"url":"https:\/\/www.photomuseum.de\/wp-content\/uploads\/2026\/02\/Photomuseum-SoMe.jpg","type":"image\/jpeg"}],"twitter_card":"summary_large_image","twitter_title":"Museum f\u00fcr Photographie Braunschweig - Kontakt","twitter_image":"https:\/\/www.photomuseum.de\/wp-content\/uploads\/2026\/02\/Photomuseum-SoMe.jpg","twitter_misc":{"Gesch\u00e4tzte Lesezeit":"2\u00a0Minuten"},"schema":{"@context":"https:\/\/schema.org","@graph":[{"@type":"WebPage","@id":"https:\/\/www.photomuseum.de\/index.php\/kontakt-und-impressum\/","url":"https:\/\/www.photomuseum.de\/index.php\/kontakt-und-impressum\/","name":"Museum f\u00fcr Photographie Braunschweig - Kontakt und Impressum","isPartOf":{"@id":"https:\/\/www.photomuseum.de\/#website"},"datePublished":"2025-12-18T13:36:45+00:00","dateModified":"2026-04-01T12:58:40+00:00","description":"Kontakt und Impressum des Museums f\u00fcr Photographie Braunschweig , Helmstedter Stra\u00dfe 1, 38102 Braunschweig. Telefon 0531 \/ 7 50 00.","breadcrumb":{"@id":"https:\/\/www.photomuseum.de\/index.php\/kontakt-und-impressum\/#breadcrumb"},"inLanguage":"de","potentialAction":[{"@type":"ReadAction","target":["https:\/\/www.photomuseum.de\/index.php\/kontakt-und-impressum\/"]}]},{"@type":"BreadcrumbList","@id":"https:\/\/www.photomuseum.de\/index.php\/kontakt-und-impressum\/#breadcrumb","itemListElement":[{"@type":"ListItem","position":1,"name":"Start","item":"https:\/\/www.photomuseum.de\/"},{"@type":"ListItem","position":2,"name":"Kontakt und Impressum"}]},{"@type":"WebSite","@id":"https:\/\/www.photomuseum.de\/#website","url":"https:\/\/www.photomuseum.de\/","name":"Museum f\u00fcr Photographie Braunschweig","description":"","publisher":{"@id":"https:\/\/www.photomuseum.de\/#organization"},"potentialAction":[{"@type":"SearchAction","target":{"@type":"EntryPoint","urlTemplate":"https:\/\/www.photomuseum.de\/?s={search_term_string}"},"query-input":{"@type":"PropertyValueSpecification","valueRequired":true,"valueName":"search_term_string"}}],"inLanguage":"de"},{"@type":"Organization","@id":"https:\/\/www.photomuseum.de\/#organization","name":"Museum f\u00fcr Photographie Braunschweig","url":"https:\/\/www.photomuseum.de\/","logo":{"@type":"ImageObject","inLanguage":"de","@id":"https:\/\/www.photomuseum.de\/#\/schema\/logo\/image\/","url":"https:\/\/www.photomuseum.de\/wp-content\/uploads\/2026\/02\/Photomuseum-Logo.png","contentUrl":"https:\/\/www.photomuseum.de\/wp-content\/uploads\/2026\/02\/Photomuseum-Logo.png","width":2099,"height":349,"caption":"Museum f\u00fcr Photographie Braunschweig"},"image":{"@id":"https:\/\/www.photomuseum.de\/#\/schema\/logo\/image\/"},"sameAs":["https:\/\/www.facebook.com\/museumfuerphotographie.bs","https:\/\/www.instagram.com\/museumfuerphotographie_bs\/"]}]}},"_links":{"self":[{"href":"https:\/\/www.photomuseum.de\/index.php\/wp-json\/wp\/v2\/pages\/283340","targetHints":{"allow":["GET"]}}],"collection":[{"href":"https:\/\/www.photomuseum.de\/index.php\/wp-json\/wp\/v2\/pages"}],"about":[{"href":"https:\/\/www.photomuseum.de\/index.php\/wp-json\/wp\/v2\/types\/page"}],"author":[{"embeddable":true,"href":"https:\/\/www.photomuseum.de\/index.php\/wp-json\/wp\/v2\/users\/2"}],"replies":[{"embeddable":true,"href":"https:\/\/www.photomuseum.de\/index.php\/wp-json\/wp\/v2\/comments?post=283340"}],"version-history":[{"count":8,"href":"https:\/\/www.photomuseum.de\/index.php\/wp-json\/wp\/v2\/pages\/283340\/revisions"}],"predecessor-version":[{"id":284924,"href":"https:\/\/www.photomuseum.de\/index.php\/wp-json\/wp\/v2\/pages\/283340\/revisions\/284924"}],"wp:attachment":[{"href":"https:\/\/www.photomuseum.de\/index.php\/wp-json\/wp\/v2\/media?parent=283340"}],"curies":[{"name":"wp","href":"https:\/\/api.w.org\/{rel}","templated":true}]}}